Is j(-5) a prime number?
True
Suppose 1 = 5*n - 9. Let k be (-3)/3 + n - -48. Suppose -3 = -s, -145 = -z + 3*s + k. Is z composite?
True
Suppose 6*c = 4*c + 6. Let q be 1*c*(1 + 3). Suppose q*b - 10*b - 574 = 0. Is b a composite number?
True
Let q be (-44)/(-12) - (-4)/(-6). Suppose 3*j = 2*n + 393, -n - 393 = -q*j - 0*n. Is j composite?
False
Suppose 77*l - 505687 = 64*l. Is l prime?
False
Let m be 1 + 0/4 - -1 - -244. Let g = 73 + m. Is g prime?
False
Let i = 280 - 932. Let t = i + 1011. Is t a composite number?
False
Suppose 4*y - b = 66073, 5*y + 5*b - 63913 = 18697. Is y a composite number?
False
Suppose 5*w - b - 7472 = 0, -2*w - 4*b = -5*b - 2990. Suppose 5*t - w = -t. Is t composite?
True
Suppose -33*t = 14*t - 92731. Is t a prime number?
True
Suppose 3*n + k - 4*k = -18, 0 = 4*n + 4*k. Let u(r) = 99*r**2 - 2*r - 4. Is u(n) prime?
False
Is 60/(-75) + 198276/20 composite?
True
Is (-27666)/(-66) + (-5)/((-110)/(-4)) a prime number?
True
Let m(j) = 124*j - 33. Let l be 164/12 - 1/((-6)/(-4)). Is m(l) a composite number?
False
Suppose 0 = -6*j - 48 - 6. Let q(d) = 8*d**2 + 6*d. Let f be q(j). Suppose 2*p + 2*s = 394, -5*s = 3*p - s - f. Is p a composite number?
True
Let r be 575 - 9/(-1 + 4). Let s = -335 + r. Is s composite?
True
Suppose -2*j - h - 13 = 23, -24 = 2*j - 2*h. Let w = -47 - j. Let x = w + 62. Is x prime?
True
Let y(g) = 15*g**2 - 13*g - 343. Is y(-12) a prime number?
True
Let i be (1/1 + 1)/((-16)/41432). Let f = i - -7422. Is f prime?
True
Let i = 2492 - 1301. Is i composite?
True
Suppose 2194 = -18*c - 17894. Let k = 1903 + c. Is k a prime number?
True
Let s = 1531 - 1003. Suppose -c - 3*c + 2*p = -s, 3*c - 399 = 3*p. Is c a composite number?
False
Let w = 46 - 44. Suppose 0 = -2*t - 2*t - 3*s + 7403, -w*t - s = -3699. Is t a composite number?
False
Let g(u) = -9*u - 20. Let h(z) = z - 1. Let n be h(5). Suppose -12 = 2*x + 5*c, -n*x + 5*c - 54 = -0*c. Is g(x) prime?
True
Suppose 4*x - 5*h = 9567 + 14438, 2*x = 4*h + 11998. Is x prime?
False
Let t = 52 + -47. Is (5444/(-20))/((-1)/t) prime?
True
Let u = 130 + 103. Let v = u - 92. Is v a composite number?
True
Let x(n) = -n**3 - 21*n**2 - 18*n - 8. Let c be x(-21). Let f = 187 + c. Is f a prime number?
True
Let a be 26/30 + 10/75. Is (a*(-1 + 268))/((-14)/(-14)) a prime number?
False
Let m = -10207 - -16884. Is m a prime number?
False
Suppose -5*h - 6 = -4*f, h + 20 - 2 = 5*f. Is -1*(3 - h)*-821 prime?
True
Let q be 255/50 - (-2)/(-20). Suppose 0 = -q*f - 5*r + 1595, -2*f + 240 = -3*r - 398. Is f a prime number?
False
Suppose 0 = -3*h - 1 + 13. Suppose 3*j - 2301 - 232 = -h*a, 0 = -4*j + 3*a + 3344. Is j a composite number?
False
Is (-70464)/(-14) + (-2)/(-42)*-3 a prime number?
False
Suppose f = p + 38, -2*f + 2*p + 112 = f. Suppose 4*x - x - 9 = 0. Suppose 3 = -x*t + f. Is t composite?
False
Suppose -3*t + 29 = 44. Let w(v) = -323*v + 22. Is w(t) a prime number?
True
Let r be (8/(-3))/(2/(-3)). Suppose -3*s + 5928 = 5*i, 0*i + r*i + 12 = 0. Is s prime?
False
Suppose -4*w - x - 3*x + 64 = 0, -5*x - 90 = -5*w. Let y = w + 60. Is y composite?
True
Suppose s + 13 = 40. Let b = 29 - s. Suppose 162 = 5*y - 3*a - 35, y - b*a = 45. Is y a composite number?
False
Let q be -2 + -6*(3783/6 + -1). Let a = q + 8222. Is a a prime number?
False
Suppose -3*y + 1020 = -3*d, 2*y - 1025 = 3*d - 10. Let c(w) = 59*w - 7. Let z be c(11). Let r = z + d. Is r a composite number?
False
Let q(n) = -3*n - 9. Let s be q(-3). Suppose 19 = 3*g + 2*x, s = -g - 5*x - 3 + 5. Is g composite?
False
Let o = 18310 - 6917. Is o a prime number?
True
Let m = -17 - -19. Let z(t) = 65*t - 7 - m + 3. Is z(5) a prime number?
False
Suppose 96348 + 3707 = 5*h. Is h composite?
False
Suppose 10 - 2 = 4*l. Suppose 4*o + 14 = l*j, 0*o = 4*j + 3*o + 27. Is -1*(-1 + 0 + j) composite?
True
Suppose 0 = -4*l - 3*k - 1, 0 = -l - 0*k - 4*k - 10. Is (0 + -2)*17*(-17)/l a prime number?
False
Suppose -9*w - 2*q = -13*w + 9176, 4594 = 2*w - 4*q. Is w a composite number?
False
Let n(b) = 275*b + 16. Let q be n(-2). Let j = -95 - q. Is j a composite number?
False
Suppose 6869 = 7*d - 698. Suppose 10609 - d = 12*v. Is v composite?
True
Is ((-2)/(-3))/((5/(-1))/(-5955)) a prime number?
False
Suppose 2*x + 6 = m, -m - 2*x = -3*m + 6. Suppose 4*r - 10826 = -6*f + 4*f, m = -3*r - 2*f + 8121. Is r a composite number?
True
Let a = 522 - 977. Let f = a + 792. Is f a prime number?
True
Let c(y) = 10 - 10*y - 5 - 4*y + 15*y**2 + 9. Is c(-12) prime?
False
Let b(o) = o**3 + o**2 - 12*o + 13. Let m be ((-20)/(-14))/(-4 - (-58)/14). Is b(m) a prime number?
False
Let z = -71 - -48. Suppose 0 = -5*q - 44 + 234. Let p = z + q. Is p a prime number?
False
Let j be (-16)/(-40) - 18/(-5). Let n be 19346/51*6/j. Let f = -172 + n. Is f a composite number?
False
Let h = 1365 - 664. Suppose 3*a + h = 4*a. Is a a composite number?
False
Let g(c) = 53*c**2 - 9*c - 2. Let v be g(-2). Suppose 3*j + 4*s - 959 = 0, 5*j - 1355 = s + v. Is j a composite number?
False
Suppose 0 = 6*p - 14 + 2. Suppose -364 = p*k - 992. Is k a composite number?
True
Let d(t) = 6*t**2 - 6*t - 17. Suppose -5*q - 3*o + 8*o + 70 = 0, -q + 4*o + 17 = 0. Is d(q) prime?
True
Let r(x) = -3 + 3 - x + 0*x. Let g be r(0). Suppose g = 4*s - 2*s - 5*n - 258, 3*s - 5*n = 377. Is s a composite number?
True
Let m(z) = 5*z**2 - 9*z - 71. Is m(-36) a prime number?
True
Let n(m) be the second derivative of 3*m**3 - 25*m**2/2 + 28*m. Is n(12) composite?
False
Is ((-1914)/33)/((-2)/157 + 0) composite?
True
Let q(m) = m + 11. Let c be q(8). Suppose -5*f + 0*u = 4*u + c, 0 = -f - 3*u - 6. Let x(g) = -31*g. Is x(f) a prime number?
False
Suppose 2*t + 5*b = t - 247, 3*t + 2*b = -676. Let u = t - -913. Is u a composite number?
False
Is 178436/5 + 0 + 8/(-40) composite?
True
Suppose -5*d - 3254 - 1851 = 2*g, 3*g = -2*d - 2031. Let u = d - -1717. Is u composite?
True
Suppose -2*o + 3*c = 2568, 3*c = -3*o - o - 5136. Let z = o - -1951. Is z a composite number?
True
Let o(z) = -2*z. Let j(h) = -h + 1. Let b(u) = 5*j(u) - 4*o(u). Let p be b(2). Suppose -x + p = -4. Is x a composite number?
True
Let s(w) = 188*w + 15. Is s(13) composite?
False
Suppose -3*v + 462 - 1152 = 0. Let w = 354 + v. Suppose 0 = l - w - 39. Is l a composite number?
False
Let f(q) = -3*q - 5. Let d be f(-3). Let g be 2/8 + 47/d. Is 1305/g + 6/24 prime?
True
Suppose 2*j + 212 = 850. Suppose 4*l - 3*l - j = 0. Suppose -2*v = -3*v + l. Is v composite?
True
Let n(y) = 6*y + 12. Let w be n(3). Is (w/18 + -2)/(2/(-966)) a composite number?
True
Let m(s) = s**2 + 6*s - 10. Let a be m(-7). Let l(y) = -72*y**3 - 2*y**2 - 2*y + 7. Is l(a) a prime number?
False
Suppose 0*l = -15*l + 61095. Is l composite?
False
Suppose -4*f + 96 = 5*r, -2*f + 5*r = -31 - 17. Let i = 1519 + f. Is i composite?
False
Let d = -3446 - -741. Is 4*(18/4 - 4) - d composite?
False
Suppose 3*w - 2*v = 35011, -8565 = -w + 5*v + 3114. Is w composite?
True
Suppose 0 = -27*u + 20*u + 3955. Is u composite?
True
Let x = -16574 + 49609. Is x a prime number?
False
Is (14532/(-8))/7*(1 - 3) composite?
True
Let k(f) = 5*f - 13. Let s be k(7). Suppose 3*m - 1349 = -5*h, -s - 258 = -h - 4*m. Suppose -4*n = -0*n - h. Is n a composite number?
False
Let m = 5946 - 4016. Suppose 342 - m = -4*j. Is j a prime number?
True
Let l(d) = -d**3 - 5*d**2 + d. Let p = -11 - -6. Let j be l(p). Is ((-1)/1)/(j/785) a composite number?
False
Let c(y) = 62*y**3 + 2*y**2 + 22*y - 55. Is c(5) prime?
False
Suppose 2*f = -5*n - 8762 + 49155, 5*f + 4*n - 100991 = 0. Is f a prime number?
False
Let j = -9 + 11. Let x be (-24)/(-4)*j/4. Suppose x*v - 209 = 2*v. Is v a composite number?
True
Let g = 97 - 101. Is (g + 1461/(-9))*-6 a composite number?
True
Suppose -559*x = -561*x + 5870. Is x composite?
True
Suppose 0 = 3*y - 5*z + 1, 0*z + 14 = 2*y + 4*z. Suppose 4*b - y = f, 39 = -2*f - 2*b - b. Is (-18)/(-30) + (-876)/f a prime number?
True
Let j = 6 + -2. Let x(n) = n**3 + 4*n**2 + 2*n - 1. Let g be x(-3). Suppose j*a = g*a + 28. Is a composite?
True
Let y = 42 - 38. Is -4*(67268/(-80) - y/10) composite?
True
Let p be 4332/(-30) + 2/5. Let g = 135 - p. Let a = g + -130. Is a composite?
False
Let q = -29343 - -41206. Is q composite?
False
Let b(p) = -43*p**2 - 2 + 81*p**2 - 40*p**2 + 7*p**3 - 16*p. Is b(5) a compo